{"id":2150,"date":"2026-03-18T15:45:48","date_gmt":"2026-03-18T15:45:48","guid":{"rendered":"https:\/\/peiyonseguridad.com\/control-de-acceso\/?page_id=2150"},"modified":"2026-03-18T15:59:46","modified_gmt":"2026-03-18T15:59:46","slug":"blog","status":"publish","type":"page","link":"https:\/\/peiyonseguridad.com\/control-de-acceso\/blog\/","title":{"rendered":"Blog"},"content":{"rendered":"\t\t<div data-elementor-type=\"wp-page\" data-elementor-id=\"2150\" class=\"elementor elementor-2150\">\n\t\t\t\t<div class=\"elementor-element elementor-element-3118551 e-flex e-con-boxed e-con e-parent\" data-id=\"3118551\" data-element_type=\"container\" data-e-type=\"container\">\n\t\t\t\t\t<div class=\"e-con-inner\">\n\t\t\t\t<div class=\"elementor-element elementor-element-aaea2b2 elementor-grid-eael-col-2 elementor-grid-tablet-eael-col-2 elementor-grid-mobile-eael-col-1 elementor-widget elementor-widget-eael-post-grid\" data-id=\"aaea2b2\" data-element_type=\"widget\" data-e-type=\"widget\" data-settings=\"{&quot;eael_post_grid_columns&quot;:&quot;eael-col-2&quot;,&quot;eael_post_grid_columns_tablet&quot;:&quot;eael-col-2&quot;,&quot;eael_post_grid_columns_mobile&quot;:&quot;eael-col-1&quot;}\" data-widget_type=\"eael-post-grid.default\">\n\t\t\t\t<div class=\"elementor-widget-container\">\n\t\t\t\t\t<div id=\"eael-post-grid-aaea2b2\" class=\"eael-post-grid-container\">\n            <div class=\"eael-post-grid eael-post-appender eael-post-appender-aaea2b2 eael-post-grid-style-two\" data-layout-mode=\"masonry\"><article class=\"eael-grid-post  eael-post-grid-column eael-pg-post-2344 category-sin-categoria\" data-id=\"2344\">\n    <div class=\"eael-grid-post-holder\">\n        <div class=\"eael-grid-post-holder-inner\"><div class=\"eael-entry-wrapper\"><header class=\"eael-entry-header\"><h2 class=\"eael-entry-title\"><a class=\"eael-grid-post-link\" href=\"https:\/\/peiyonseguridad.com\/control-de-acceso\/2026\/03\/18\/por-que-elegir-peiyon-seguridad\/\" title=\"\u00bfPor qu\u00e9 elegir Peiyon Seguridad?\">\u00bfPor qu\u00e9 elegir Peiyon Seguridad?<\/a><\/h2><\/header><div class=\"eael-entry-content\">\n                                <div class=\"eael-grid-post-excerpt\"><p>Hay muchos proveedores de c\u00e1maras y dispositivos de seguridad. Lo...<\/p><a href=\"https:\/\/peiyonseguridad.com\/control-de-acceso\/2026\/03\/18\/por-que-elegir-peiyon-seguridad\/\" class=\"eael-post-elements-readmore-btn\">Leer m\u00e1s<\/a><\/div>\n                            <\/div><div class=\"eael-entry-header-after style-two\"><div class=\"eael-entry-meta\"><span class=\"eael-meta-posted-on\"><i class=\"far fa-clock\"><\/i><time datetime=\"18 marzo, 2026\">18 marzo, 2026<\/time><\/span><\/div><\/div><\/div><\/div>\n    <\/div>\n<\/article><article class=\"eael-grid-post  eael-post-grid-column eael-pg-post-2342 category-sin-categoria\" data-id=\"2342\">\n    <div class=\"eael-grid-post-holder\">\n        <div class=\"eael-grid-post-holder-inner\"><div class=\"eael-entry-wrapper\"><header class=\"eael-entry-header\"><h2 class=\"eael-entry-title\"><a class=\"eael-grid-post-link\" href=\"https:\/\/peiyonseguridad.com\/control-de-acceso\/2026\/03\/18\/las-7-ventajas-de-implementar-tecnologia-de-control-de-acceso\/\" title=\"Las 7 ventajas de implementar tecnolog\u00eda de control de acceso\">Las 7 ventajas de implementar tecnolog\u00eda de control de acceso<\/a><\/h2><\/header><div class=\"eael-entry-content\">\n                                <div class=\"eael-grid-post-excerpt\"><p>1. Eliminaci\u00f3n del ausentismo no registrado Los sistemas biom\u00e9tricos de...<\/p><a href=\"https:\/\/peiyonseguridad.com\/control-de-acceso\/2026\/03\/18\/las-7-ventajas-de-implementar-tecnologia-de-control-de-acceso\/\" class=\"eael-post-elements-readmore-btn\">Leer m\u00e1s<\/a><\/div>\n                            <\/div><div class=\"eael-entry-header-after style-two\"><div class=\"eael-entry-meta\"><span class=\"eael-meta-posted-on\"><i class=\"far fa-clock\"><\/i><time datetime=\"18 marzo, 2026\">18 marzo, 2026<\/time><\/span><\/div><\/div><\/div><\/div>\n    <\/div>\n<\/article><article class=\"eael-grid-post  eael-post-grid-column eael-pg-post-2340 category-sin-categoria\" data-id=\"2340\">\n    <div class=\"eael-grid-post-holder\">\n        <div class=\"eael-grid-post-holder-inner\"><div class=\"eael-entry-wrapper\"><header class=\"eael-entry-header\"><h2 class=\"eael-entry-title\"><a class=\"eael-grid-post-link\" href=\"https:\/\/peiyonseguridad.com\/control-de-acceso\/2026\/03\/18\/control-de-acceso-con-tecnologia-por-que-las-empresas-que-eligen-peiyon-seguridad-estan-un-paso-adelante\/\" title=\"Control de acceso con tecnolog\u00eda: por qu\u00e9 las empresas que eligen Peiyon Seguridad est\u00e1n un paso adelante\">Control de acceso con tecnolog\u00eda: por qu\u00e9 las empresas que eligen Peiyon Seguridad est\u00e1n un paso adelante<\/a><\/h2><\/header><div class=\"eael-entry-content\">\n                                <div class=\"eael-grid-post-excerpt\"><p>Gestionar qui\u00e9n entra, qui\u00e9n sale y cu\u00e1ndo trabaja cada empleado...<\/p><a href=\"https:\/\/peiyonseguridad.com\/control-de-acceso\/2026\/03\/18\/control-de-acceso-con-tecnologia-por-que-las-empresas-que-eligen-peiyon-seguridad-estan-un-paso-adelante\/\" class=\"eael-post-elements-readmore-btn\">Leer m\u00e1s<\/a><\/div>\n                            <\/div><div class=\"eael-entry-header-after style-two\"><div class=\"eael-entry-meta\"><span class=\"eael-meta-posted-on\"><i class=\"far fa-clock\"><\/i><time datetime=\"18 marzo, 2026\">18 marzo, 2026<\/time><\/span><\/div><\/div><\/div><\/div>\n    <\/div>\n<\/article><\/div>\n            <div class=\"clearfix\"><\/div>\n        <\/div>\t\t\t\t<\/div>\n\t\t\t\t<\/div>\n\t\t\t\t\t<\/div>\n\t\t\t\t<\/div>\n\t\t\t\t<\/div>\n\t\t","protected":false},"excerpt":{"rendered":"<p>\u00bfPor qu\u00e9 elegir Peiyon Seguridad? Hay muchos proveedores de c\u00e1maras y dispositivos de seguridad. Lo&#8230; Leer m\u00e1s 18 marzo, 2026 Las 7 ventajas de implementar tecnolog\u00eda de control de acceso 1. Eliminaci\u00f3n del ausentismo no registrado Los sistemas biom\u00e9tricos de&#8230; Leer m\u00e1s 18 marzo, 2026 Control de acceso con tecnolog\u00eda: por qu\u00e9 las empresas que eligen Peiyon Seguridad est\u00e1n un&#8230;<\/p>\n","protected":false},"author":1,"featured_media":0,"parent":0,"menu_order":0,"comment_status":"closed","ping_status":"closed","template":"","meta":{"om_disable_all_campaigns":false,"footnotes":""},"class_list":["post-2150","page","type-page","status-publish","hentry"],"aioseo_notices":[],"_links":{"self":[{"href":"https:\/\/peiyonseguridad.com\/control-de-acceso\/wp-json\/wp\/v2\/pages\/2150","targetHints":{"allow":["GET"]}}],"collection":[{"href":"https:\/\/peiyonseguridad.com\/control-de-acceso\/wp-json\/wp\/v2\/pages"}],"about":[{"href":"https:\/\/peiyonseguridad.com\/control-de-acceso\/wp-json\/wp\/v2\/types\/page"}],"author":[{"embeddable":true,"href":"https:\/\/peiyonseguridad.com\/control-de-acceso\/wp-json\/wp\/v2\/users\/1"}],"replies":[{"embeddable":true,"href":"https:\/\/peiyonseguridad.com\/control-de-acceso\/wp-json\/wp\/v2\/comments?post=2150"}],"version-history":[{"count":5,"href":"https:\/\/peiyonseguridad.com\/control-de-acceso\/wp-json\/wp\/v2\/pages\/2150\/revisions"}],"predecessor-version":[{"id":2350,"href":"https:\/\/peiyonseguridad.com\/control-de-acceso\/wp-json\/wp\/v2\/pages\/2150\/revisions\/2350"}],"wp:attachment":[{"href":"https:\/\/peiyonseguridad.com\/control-de-acceso\/wp-json\/wp\/v2\/media?parent=2150"}],"curies":[{"name":"wp","href":"https:\/\/api.w.org\/{rel}","templated":true}]}}